{"id":61,"date":"2015-04-13T19:49:39","date_gmt":"2015-04-13T19:49:39","guid":{"rendered":"http:\/\/www.gruetzi.es\/web-low-cost\/?page_id=61"},"modified":"2018-10-15T23:06:08","modified_gmt":"2018-10-15T21:06:08","slug":"pagina-web-gratis-contacto","status":"publish","type":"page","link":"https:\/\/www.gruetzi.es\/web-low-cost\/pagina-web-gratis-contacto\/","title":{"rendered":"Contacto"},"content":{"rendered":"<div id=\"wpgmza_map\" class=\"wpgmza_map\" data-settings='{\"id\":\"1\",\"map_title\":\"My first map\",\"map_width\":\"100\",\"map_height\":\"400\",\"map_start_lat\":\"41.398208\",\"map_start_lng\":\"2.116971\",\"map_start_location\":\"41.398207952533966,2.116970588206639\",\"map_start_zoom\":\"13\",\"default_marker\":\"0\",\"type\":\"1\",\"alignment\":\"1\",\"directions_enabled\":\"1\",\"styling_enabled\":\"0\",\"styling_json\":\"\",\"active\":\"0\",\"kml\":\"\",\"bicycle\":\"0\",\"traffic\":\"0\",\"dbox\":\"1\",\"dbox_width\":\"250\",\"listmarkers\":\"0\",\"listmarkers_advanced\":\"0\",\"filterbycat\":\"0\",\"ugm_enabled\":\"0\",\"ugm_category_enabled\":\"0\",\"fusion\":\"\",\"map_width_type\":\"\\\\%\",\"map_height_type\":\"px\",\"mass_marker_support\":\"1\",\"ugm_access\":\"0\",\"order_markers_by\":\"1\",\"order_markers_choice\":\"2\",\"show_user_location\":\"0\",\"default_to\":\"\",\"other_settings\":{\"store_locator_enabled\":2,\"store_locator_distance\":2,\"store_locator_bounce\":1,\"store_locator_query_string\":\"ZIP \\\/ C\\u00f3digo Postal \\\/ Direcci\\u00f3n\",\"store_locator_default_address\":\"\",\"wpgmza_store_locator_restrict\":\"\",\"map_max_zoom\":\"3\",\"transport_layer\":0,\"wpgmza_theme_data\":\"\"}}' data-map-id='1' Data-maps-engine='google-maps' data-shortcode-attributes='{\"id\":\"1\"}' style=\"display:block; overflow:auto; width:100%; height:400px; float:left;\"><\/div>\n<p>&nbsp;<\/p>\n<p><strong>CONTACTO<\/strong><\/p>\n<table class=\"no-border\" style=\"width: auto; border: 0;\">\n<tbody>\n<tr>\n<td><strong>La Low Cost<br \/>\nby Gruetzi<br \/>\n<\/strong>Una web GRATIS<br \/>\nhecha por profesionales<\/td>\n<td>Ronda General Mitre, 126, 6\u00ba<br \/>\n08021 Barcelona (Barcelona)<\/td>\n<\/tr>\n<tr>\n<td><strong>Tel\u00e9fono<\/strong><\/td>\n<td>(00 34) 933 689 109<\/td>\n<\/tr>\n<tr>\n<td><strong>Horario<\/strong><\/td>\n<td>De L a J, de 09:00 14:00 y de 15:00 a 18:00.<br \/>\nV de 08:00 a 15:00<\/td>\n<\/tr>\n<tr>\n<td><strong>Mail<\/strong><\/td>\n<td>info@gruetzi.es<\/td>\n<\/tr>\n<tr>\n<td><strong>Si\u0301guenos<\/strong><\/td>\n<td><a href=\"https:\/\/www.facebook.com\/gruetzi\"><img loading=\"lazy\" decoding=\"async\" class=\" size-full wp-image-260 alignnone\" src=\"http:\/\/www.gruetzi.es\/web-low-cost\/wp-content\/uploads\/2015\/06\/xarxes_socials_v3.png\" alt=\"xarxes_socials_v3\" width=\"25\" height=\"25\" \/><\/a>\u00a0<a href=\"https:\/\/twitter.com\/agenciagruetzi\"><img loading=\"lazy\" decoding=\"async\" class=\" size-full wp-image-259 alignnone\" src=\"http:\/\/www.gruetzi.es\/web-low-cost\/wp-content\/uploads\/2015\/06\/xarxes_socials_v2-1.png\" alt=\"xarxes_socials_v2-1\" width=\"25\" height=\"25\" \/><\/a>\u00a0<a href=\"https:\/\/instagram.com\/agenciagruetzi\/\"><img loading=\"lazy\" decoding=\"async\" class=\"alignnone wp-image-258 size-full\" src=\"http:\/\/www.gruetzi.es\/web-low-cost\/wp-content\/uploads\/2015\/06\/xarxes_socials_INSTAGRAM.png\" alt=\"xarxes_socials_INSTAGRAM\" width=\"25\" height=\"25\" \/><\/a><\/td>\n<\/tr>\n<\/tbody>\n<\/table>\n<p><span style=\"border-radius: 2px; text-indent: 20px; width: auto; padding: 0px 4px 0px 0px; text-align: center; font: bold 11px\/20px 'Helvetica Neue',Helvetica,sans-serif; color: #ffffff; background: #bd081c no-repeat scroll 3px 50% \/ 14px 14px; position: absolute; opacity: 1; z-index: 8675309; display: none; cursor: pointer;\">Guardar<\/span><\/p>\n<p><span style=\"border-radius: 2px; text-indent: 20px; width: auto; padding: 0px 4px 0px 0px; text-align: center; font: bold 11px\/20px 'Helvetica Neue',Helvetica,sans-serif; color: #ffffff; background: #bd081c no-repeat scroll 3px 50% \/ 14px 14px; position: absolute; opacity: 1; z-index: 8675309; display: none; cursor: pointer;\">Guardar<\/span><\/p>\n<p><span style=\"border-radius: 2px; text-indent: 20px; width: auto; padding: 0px 4px 0px 0px; text-align: center; font: bold 11px\/20px 'Helvetica Neue',Helvetica,sans-serif; color: #ffffff; background: #bd081c no-repeat scroll 3px 50% \/ 14px 14px; position: absolute; opacity: 1; z-index: 8675309; display: none; cursor: pointer;\">Guardar<\/span><\/p>\n<p><span style=\"border-radius: 2px; text-indent: 20px; width: auto; padding: 0px 4px 0px 0px; text-align: center; font: bold 11px\/20px 'Helvetica Neue',Helvetica,sans-serif; color: #ffffff; background: #bd081c no-repeat scroll 3px 50% \/ 14px 14px; position: absolute; opacity: 1; z-index: 8675309; display: none; cursor: pointer;\">Guardar<\/span><\/p>\n<p><span style=\"border-radius: 2px; text-indent: 20px; width: auto; padding: 0px 4px 0px 0px; text-align: center; font: bold 11px\/20px 'Helvetica Neue',Helvetica,sans-serif; color: #ffffff; background: #bd081c no-repeat scroll 3px 50% \/ 14px 14px; position: absolute; opacity: 1; z-index: 8675309; display: none; cursor: pointer;\">Guardar<\/span><\/p>\n","protected":false},"excerpt":{"rendered":"<p>&nbsp; CONTACTO La Low Cost by Gruetzi Una web GRATIS hecha por profesionales Ronda General Mitre, 126, 6\u00ba 08021 Barcelona (Barcelona) Tel\u00e9fono (00 34) 933 689 109 Horario De L a J, de 09:00 14:00 y de 15:00 a 18:00. V de 08:00 a 15:00 Mail info@gruetzi.es Si\u0301guenos \u00a0\u00a0 Guardar Guardar Guardar Guardar Guardar<\/p>\n","protected":false},"author":1,"featured_media":0,"parent":0,"menu_order":0,"comment_status":"closed","ping_status":"open","template":"","meta":{"_monsterinsights_skip_tracking":false,"_monsterinsights_sitenote_active":false,"_monsterinsights_sitenote_note":"","_monsterinsights_sitenote_category":0,"footnotes":""},"class_list":["post-61","page","type-page","status-publish","hentry"],"yoast_head":"<!-- This site is optimized with the Yoast SEO plugin v27.6 - https:\/\/yoast.com\/product\/yoast-seo-wordpress\/ -->\n<title>P\u00e1gina web GRATIS + SEO y actualizaciones por solo 70\u20ac+IVA\/mes<\/title>\n<meta name=\"description\" content=\"Ejemplo de c\u00f3mo puede ser tu web. Cons\u00edguela por GRATIS vinculada al servicio de posicionamiento en buscadores y actualizaciones de contenido.\" \/>\n<meta name=\"robots\" content=\"index, follow, max-snippet:-1, max-image-preview:large, max-video-preview:-1\" \/>\n<link rel=\"canonical\" href=\"https:\/\/www.gruetzi.es\/web-low-cost\/pagina-web-gratis-contacto\/\" \/>\n<meta property=\"og:locale\" content=\"es_ES\" \/>\n<meta property=\"og:type\" content=\"article\" \/>\n<meta property=\"og:title\" content=\"P\u00e1gina web GRATIS + SEO y actualizaciones por solo 70\u20ac+IVA\/mes\" \/>\n<meta property=\"og:description\" content=\"Ejemplo de c\u00f3mo puede ser tu web. Cons\u00edguela por GRATIS vinculada al servicio de posicionamiento en buscadores y actualizaciones de contenido.\" \/>\n<meta property=\"og:url\" content=\"https:\/\/www.gruetzi.es\/web-low-cost\/pagina-web-gratis-contacto\/\" \/>\n<meta property=\"og:site_name\" content=\"P\u00c1GINA WEB GRATIS*, by Gruetzi - Tu p\u00e1gina web al mejor precio\" \/>\n<meta property=\"article:modified_time\" content=\"2018-10-15T21:06:08+00:00\" \/>\n<meta property=\"og:image\" content=\"http:\/\/www.gruetzi.es\/web-low-cost\/wp-content\/uploads\/2015\/06\/xarxes_socials_v3.png\" \/>\n<meta name=\"twitter:card\" content=\"summary_large_image\" \/>\n<script type=\"application\/ld+json\" class=\"yoast-schema-graph\">{\"@context\":\"https:\\\/\\\/schema.org\",\"@graph\":[{\"@type\":\"WebPage\",\"@id\":\"https:\\\/\\\/www.gruetzi.es\\\/web-low-cost\\\/pagina-web-gratis-contacto\\\/\",\"url\":\"https:\\\/\\\/www.gruetzi.es\\\/web-low-cost\\\/pagina-web-gratis-contacto\\\/\",\"name\":\"P\u00e1gina web GRATIS + SEO y actualizaciones por solo 70\u20ac+IVA\\\/mes\",\"isPartOf\":{\"@id\":\"http:\\\/\\\/www.gruetzi.es\\\/web-low-cost\\\/#website\"},\"primaryImageOfPage\":{\"@id\":\"https:\\\/\\\/www.gruetzi.es\\\/web-low-cost\\\/pagina-web-gratis-contacto\\\/#primaryimage\"},\"image\":{\"@id\":\"https:\\\/\\\/www.gruetzi.es\\\/web-low-cost\\\/pagina-web-gratis-contacto\\\/#primaryimage\"},\"thumbnailUrl\":\"http:\\\/\\\/www.gruetzi.es\\\/web-low-cost\\\/wp-content\\\/uploads\\\/2015\\\/06\\\/xarxes_socials_v3.png\",\"datePublished\":\"2015-04-13T19:49:39+00:00\",\"dateModified\":\"2018-10-15T21:06:08+00:00\",\"description\":\"Ejemplo de c\u00f3mo puede ser tu web. Cons\u00edguela por GRATIS vinculada al servicio de posicionamiento en buscadores y actualizaciones de contenido.\",\"breadcrumb\":{\"@id\":\"https:\\\/\\\/www.gruetzi.es\\\/web-low-cost\\\/pagina-web-gratis-contacto\\\/#breadcrumb\"},\"inLanguage\":\"es\",\"potentialAction\":[{\"@type\":\"ReadAction\",\"target\":[\"https:\\\/\\\/www.gruetzi.es\\\/web-low-cost\\\/pagina-web-gratis-contacto\\\/\"]}]},{\"@type\":\"ImageObject\",\"inLanguage\":\"es\",\"@id\":\"https:\\\/\\\/www.gruetzi.es\\\/web-low-cost\\\/pagina-web-gratis-contacto\\\/#primaryimage\",\"url\":\"https:\\\/\\\/www.gruetzi.es\\\/web-low-cost\\\/wp-content\\\/uploads\\\/2015\\\/06\\\/xarxes_socials_v3.png\",\"contentUrl\":\"https:\\\/\\\/www.gruetzi.es\\\/web-low-cost\\\/wp-content\\\/uploads\\\/2015\\\/06\\\/xarxes_socials_v3.png\",\"width\":25,\"height\":25},{\"@type\":\"BreadcrumbList\",\"@id\":\"https:\\\/\\\/www.gruetzi.es\\\/web-low-cost\\\/pagina-web-gratis-contacto\\\/#breadcrumb\",\"itemListElement\":[{\"@type\":\"ListItem\",\"position\":1,\"name\":\"Portada\",\"item\":\"http:\\\/\\\/www.gruetzi.es\\\/web-low-cost\\\/\"},{\"@type\":\"ListItem\",\"position\":2,\"name\":\"Contacto\"}]},{\"@type\":\"WebSite\",\"@id\":\"http:\\\/\\\/www.gruetzi.es\\\/web-low-cost\\\/#website\",\"url\":\"http:\\\/\\\/www.gruetzi.es\\\/web-low-cost\\\/\",\"name\":\"P\u00c1GINA WEB GRATIS*, by Gruetzi - Tu p\u00e1gina web al mejor precio\",\"description\":\"La p\u00e1gina web gratis pensada para nuevos negocios, aut\u00f3nomos y pymes con servicio de posicionamiento SEO y mantenimiento web. Una web creada por profesionales.\",\"potentialAction\":[{\"@type\":\"SearchAction\",\"target\":{\"@type\":\"EntryPoint\",\"urlTemplate\":\"http:\\\/\\\/www.gruetzi.es\\\/web-low-cost\\\/?s={search_term_string}\"},\"query-input\":{\"@type\":\"PropertyValueSpecification\",\"valueRequired\":true,\"valueName\":\"search_term_string\"}}],\"inLanguage\":\"es\"}]}<\/script>\n<!-- \/ Yoast SEO plugin. -->","yoast_head_json":{"title":"P\u00e1gina web GRATIS + SEO y actualizaciones por solo 70\u20ac+IVA\/mes","description":"Ejemplo de c\u00f3mo puede ser tu web. Cons\u00edguela por GRATIS vinculada al servicio de posicionamiento en buscadores y actualizaciones de contenido.","robots":{"index":"index","follow":"follow","max-snippet":"max-snippet:-1","max-image-preview":"max-image-preview:large","max-video-preview":"max-video-preview:-1"},"canonical":"https:\/\/www.gruetzi.es\/web-low-cost\/pagina-web-gratis-contacto\/","og_locale":"es_ES","og_type":"article","og_title":"P\u00e1gina web GRATIS + SEO y actualizaciones por solo 70\u20ac+IVA\/mes","og_description":"Ejemplo de c\u00f3mo puede ser tu web. Cons\u00edguela por GRATIS vinculada al servicio de posicionamiento en buscadores y actualizaciones de contenido.","og_url":"https:\/\/www.gruetzi.es\/web-low-cost\/pagina-web-gratis-contacto\/","og_site_name":"P\u00c1GINA WEB GRATIS*, by Gruetzi - Tu p\u00e1gina web al mejor precio","article_modified_time":"2018-10-15T21:06:08+00:00","og_image":[{"url":"http:\/\/www.gruetzi.es\/web-low-cost\/wp-content\/uploads\/2015\/06\/xarxes_socials_v3.png","type":"","width":"","height":""}],"twitter_card":"summary_large_image","schema":{"@context":"https:\/\/schema.org","@graph":[{"@type":"WebPage","@id":"https:\/\/www.gruetzi.es\/web-low-cost\/pagina-web-gratis-contacto\/","url":"https:\/\/www.gruetzi.es\/web-low-cost\/pagina-web-gratis-contacto\/","name":"P\u00e1gina web GRATIS + SEO y actualizaciones por solo 70\u20ac+IVA\/mes","isPartOf":{"@id":"http:\/\/www.gruetzi.es\/web-low-cost\/#website"},"primaryImageOfPage":{"@id":"https:\/\/www.gruetzi.es\/web-low-cost\/pagina-web-gratis-contacto\/#primaryimage"},"image":{"@id":"https:\/\/www.gruetzi.es\/web-low-cost\/pagina-web-gratis-contacto\/#primaryimage"},"thumbnailUrl":"http:\/\/www.gruetzi.es\/web-low-cost\/wp-content\/uploads\/2015\/06\/xarxes_socials_v3.png","datePublished":"2015-04-13T19:49:39+00:00","dateModified":"2018-10-15T21:06:08+00:00","description":"Ejemplo de c\u00f3mo puede ser tu web. Cons\u00edguela por GRATIS vinculada al servicio de posicionamiento en buscadores y actualizaciones de contenido.","breadcrumb":{"@id":"https:\/\/www.gruetzi.es\/web-low-cost\/pagina-web-gratis-contacto\/#breadcrumb"},"inLanguage":"es","potentialAction":[{"@type":"ReadAction","target":["https:\/\/www.gruetzi.es\/web-low-cost\/pagina-web-gratis-contacto\/"]}]},{"@type":"ImageObject","inLanguage":"es","@id":"https:\/\/www.gruetzi.es\/web-low-cost\/pagina-web-gratis-contacto\/#primaryimage","url":"https:\/\/www.gruetzi.es\/web-low-cost\/wp-content\/uploads\/2015\/06\/xarxes_socials_v3.png","contentUrl":"https:\/\/www.gruetzi.es\/web-low-cost\/wp-content\/uploads\/2015\/06\/xarxes_socials_v3.png","width":25,"height":25},{"@type":"BreadcrumbList","@id":"https:\/\/www.gruetzi.es\/web-low-cost\/pagina-web-gratis-contacto\/#breadcrumb","itemListElement":[{"@type":"ListItem","position":1,"name":"Portada","item":"http:\/\/www.gruetzi.es\/web-low-cost\/"},{"@type":"ListItem","position":2,"name":"Contacto"}]},{"@type":"WebSite","@id":"http:\/\/www.gruetzi.es\/web-low-cost\/#website","url":"http:\/\/www.gruetzi.es\/web-low-cost\/","name":"P\u00c1GINA WEB GRATIS*, by Gruetzi - Tu p\u00e1gina web al mejor precio","description":"La p\u00e1gina web gratis pensada para nuevos negocios, aut\u00f3nomos y pymes con servicio de posicionamiento SEO y mantenimiento web. Una web creada por profesionales.","potentialAction":[{"@type":"SearchAction","target":{"@type":"EntryPoint","urlTemplate":"http:\/\/www.gruetzi.es\/web-low-cost\/?s={search_term_string}"},"query-input":{"@type":"PropertyValueSpecification","valueRequired":true,"valueName":"search_term_string"}}],"inLanguage":"es"}]}},"_links":{"self":[{"href":"https:\/\/www.gruetzi.es\/web-low-cost\/wp-json\/wp\/v2\/pages\/61","targetHints":{"allow":["GET"]}}],"collection":[{"href":"https:\/\/www.gruetzi.es\/web-low-cost\/wp-json\/wp\/v2\/pages"}],"about":[{"href":"https:\/\/www.gruetzi.es\/web-low-cost\/wp-json\/wp\/v2\/types\/page"}],"author":[{"embeddable":true,"href":"https:\/\/www.gruetzi.es\/web-low-cost\/wp-json\/wp\/v2\/users\/1"}],"replies":[{"embeddable":true,"href":"https:\/\/www.gruetzi.es\/web-low-cost\/wp-json\/wp\/v2\/comments?post=61"}],"version-history":[{"count":18,"href":"https:\/\/www.gruetzi.es\/web-low-cost\/wp-json\/wp\/v2\/pages\/61\/revisions"}],"predecessor-version":[{"id":399,"href":"https:\/\/www.gruetzi.es\/web-low-cost\/wp-json\/wp\/v2\/pages\/61\/revisions\/399"}],"wp:attachment":[{"href":"https:\/\/www.gruetzi.es\/web-low-cost\/wp-json\/wp\/v2\/media?parent=61"}],"curies":[{"name":"wp","href":"https:\/\/api.w.org\/{rel}","templated":true}]}}